{"id":12,"date":"2019-12-21T16:49:29","date_gmt":"2019-12-21T16:49:29","guid":{"rendered":"http:\/\/www.funk-vermietung.ch\/?page_id=12"},"modified":"2019-12-21T19:09:47","modified_gmt":"2019-12-21T19:09:47","slug":"home","status":"publish","type":"page","link":"https:\/\/www.funk-vermietung.ch\/","title":{"rendered":"Home"},"content":{"rendered":"\n<figure class=\"wp-block-image alignwide size-large\"><img loading=\"lazy\" decoding=\"async\" width=\"940\" height=\"198\" src=\"http:\/\/www.funk-vermietung.ch\/wp-content\/uploads\/2019\/12\/Motorola-Funk1-Funk-vermietung.jpg\" alt=\"\" class=\"wp-image-10\" srcset=\"https:\/\/www.funk-vermietung.ch\/wp-content\/uploads\/2019\/12\/Motorola-Funk1-Funk-vermietung.jpg 940w, https:\/\/www.funk-vermietung.ch\/wp-content\/uploads\/2019\/12\/Motorola-Funk1-Funk-vermietung-300x63.jpg 300w, https:\/\/www.funk-vermietung.ch\/wp-content\/uploads\/2019\/12\/Motorola-Funk1-Funk-vermietung-768x162.jpg 768w, https:\/\/www.funk-vermietung.ch\/wp-content\/uploads\/2019\/12\/Motorola-Funk1-Funk-vermietung-600x126.jpg 600w\" sizes=\"auto, (max-width: 940px) 100vw, 940px\" \/><\/figure>\n\n\n\n<h2 class=\"wp-block-heading\">Herzlich Willkommen bei Funk Vermietung ! <\/h2>\n\n\n\n<p class=\"wp-block-paragraph\">Wollen Sie <strong>professionelle Funkger\u00e4te mieten<\/strong>? Dann sind Sie bei uns richtig. Wir vermieten professionelle Kommunikationsl\u00f6sungen f\u00fcr Ihren Event.<br><br>Wir vermieten ausschliesslich professionelle Handfunkger\u00e4te von  Motorola  und Kennwood, getreu dem Moto:\u00a0 <strong>einfache Teamkommunikation zu  fairen  Preisen. <\/strong><br><br> Wir sind behilfich bei der Suche nach der geeignesten Kommunikationsl\u00f6sung je nach Budget und gr\u00f6sser der Veranstaltung. Auch f\u00fcr besondere W\u00fcnsche sind wir offen.  Auf den nachfolgenden Seiten finden Sie Angaben zu unserem Angebot. Es w\u00fcrde uns freuen wenn wir auch Sie zu unserer Kundschaft z\u00e4hlen d\u00fcrfen. <br><br>Zu unserer Kundschaft geh\u00f6ren Firmen, Vereine, Beh\u00f6rden, Privatpersonen, Filmproduzenten und noch viele Mehr. Das Einsatzspektrum erstreckt sich von der einfachen Geburtsparty \u00fcber Notfall\u00fcberpr\u00fcfungen hin bis zu grossen Events und Produktionen. <\/p>\n","protected":false},"excerpt":{"rendered":"<p>Herzlich Willkommen bei Funk Vermietung ! Wollen Sie professionelle Funkger\u00e4te mieten? Dann sind Sie bei uns richtig. Wir vermieten professionelle&hellip;<\/p>\n","protected":false},"author":1,"featured_media":0,"parent":0,"menu_order":0,"comment_status":"closed","ping_status":"closed","template":"","meta":{"_exactmetrics_skip_tracking":false,"footnotes":""},"class_list":["post-12","page","type-page","status-publish","hentry"],"jetpack_sharing_enabled":true,"_links":{"self":[{"href":"https:\/\/www.funk-vermietung.ch\/index.php\/wp-json\/wp\/v2\/pages\/12","targetHints":{"allow":["GET"]}}],"collection":[{"href":"https:\/\/www.funk-vermietung.ch\/index.php\/wp-json\/wp\/v2\/pages"}],"about":[{"href":"https:\/\/www.funk-vermietung.ch\/index.php\/wp-json\/wp\/v2\/types\/page"}],"author":[{"embeddable":true,"href":"https:\/\/www.funk-vermietung.ch\/index.php\/wp-json\/wp\/v2\/users\/1"}],"replies":[{"embeddable":true,"href":"https:\/\/www.funk-vermietung.ch\/index.php\/wp-json\/wp\/v2\/comments?post=12"}],"version-history":[{"count":5,"href":"https:\/\/www.funk-vermietung.ch\/index.php\/wp-json\/wp\/v2\/pages\/12\/revisions"}],"predecessor-version":[{"id":66,"href":"https:\/\/www.funk-vermietung.ch\/index.php\/wp-json\/wp\/v2\/pages\/12\/revisions\/66"}],"wp:attachment":[{"href":"https:\/\/www.funk-vermietung.ch\/index.php\/wp-json\/wp\/v2\/media?parent=12"}],"curies":[{"name":"wp","href":"https:\/\/api.w.org\/{rel}","templated":true}]}}

<figure class="wp-block-image alignwide size-large"><img loading="lazy" decoding="async" width="940" height="198" src="http://www.funk-vermietung.ch/wp-content/uploads/2019/12/Motorola-Funk1-Funk-vermietung.jpg" alt="" class="wp-image-10" srcset="https://www.funk-vermietung.ch/wp-content/uploads/2019/12/Motorola-Funk1-Funk-vermietung.jpg 940w, https://www.funk-vermietung.ch/wp-content/uploads/2019/12/Motorola-Funk1-Funk-vermietung-300x63.jpg 300w, https://www.funk-vermietung.ch/wp-content/uploads/2019/12/Motorola-Funk1-Funk-vermietung-768x162.jpg 768w, https://www.funk-vermietung.ch/wp-content/uploads/2019/12/Motorola-Funk1-Funk-vermietung-600x126.jpg 600w" sizes="auto, (max-width: 940px) 100vw, 940px" /></figure>



<h2 class="wp-block-heading">Herzlich Willkommen bei Funk Vermietung ! </h2>



<p class="wp-block-paragraph">Wollen Sie <strong>professionelle Funkgeräte mieten</strong>? Dann sind Sie bei uns richtig. Wir vermieten professionelle Kommunikationslösungen für Ihren Event.<br><br>Wir vermieten ausschliesslich professionelle Handfunkgeräte von  Motorola  und Kennwood, getreu dem Moto:  <strong>einfache Teamkommunikation zu  fairen  Preisen. </strong><br><br> Wir sind behilfich bei der Suche nach der geeignesten Kommunikationslösung je nach Budget und grösser der Veranstaltung. Auch für besondere Wünsche sind wir offen.  Auf den nachfolgenden Seiten finden Sie Angaben zu unserem Angebot. Es würde uns freuen wenn wir auch Sie zu unserer Kundschaft zählen dürfen. <br><br>Zu unserer Kundschaft gehören Firmen, Vereine, Behörden, Privatpersonen, Filmproduzenten und noch viele Mehr. Das Einsatzspektrum erstreckt sich von der einfachen Geburtsparty über Notfallüberprüfungen hin bis zu grossen Events und Produktionen. </p>

<p>Herzlich Willkommen bei Funk Vermietung ! Wollen Sie professionelle Funkgeräte mieten? Dann sind Sie bei uns richtig. Wir vermieten professionelle&hellip;</p>
