{"id":14,"date":"2019-12-21T16:27:55","date_gmt":"2019-12-21T16:27:55","guid":{"rendered":"http:\/\/www.funk-vermietung.ch\/?page_id=14"},"modified":"2019-12-21T19:02:49","modified_gmt":"2019-12-21T19:02:49","slug":"verfuegbare-funkgeraete","status":"publish","type":"page","link":"https:\/\/www.funk-vermietung.ch\/index.php\/verfuegbare-funkgeraete\/","title":{"rendered":"Verf\u00fcgbare Funkger\u00e4te"},"content":{"rendered":"\n<p class=\"wp-block-paragraph\">Wir haben zwei verschiedene Ger\u00e4tetypen im Einsatz und damit k\u00f6nnen wir 90% der Einsatzzwecke abdecken .  Auch verzichten wir bewusst auf digitale Funkl\u00f6sungen, getreu dem Motto einfach und unkompliziert. <\/p>\n\n\n\n<div class=\"wp-block-media-text alignwide\" style=\"grid-template-columns:15% auto\"><figure class=\"wp-block-media-text__media\"><img loading=\"lazy\" decoding=\"async\" width=\"200\" height=\"650\" src=\"http:\/\/www.funk-vermietung.ch\/wp-content\/uploads\/2019\/12\/Kenwood-TK3201.jpg\" alt=\"\" class=\"wp-image-54\" srcset=\"https:\/\/www.funk-vermietung.ch\/wp-content\/uploads\/2019\/12\/Kenwood-TK3201.jpg 200w, https:\/\/www.funk-vermietung.ch\/wp-content\/uploads\/2019\/12\/Kenwood-TK3201-92x300.jpg 92w\" sizes=\"auto, (max-width: 200px) 100vw, 200px\" \/><\/figure><div class=\"wp-block-media-text__content\">\n<p class=\"has-large-font-size wp-block-paragraph\">Kenwood TK3201 PMR<\/p>\n\n\n\n<p class=\"wp-block-paragraph\"> Unser kleines handliches linzenfreies Ger\u00e4t.  <br>16 Kan\u00e4len, 500mW Sendeleistung.<\/p>\n\n\n\n<p class=\"wp-block-paragraph\"><\/p>\n\n\n\n<p class=\"wp-block-paragraph\">Bedienungsanleitung f\u00fcr das Kenwood Ger\u00e4t:<\/p>\n\n\n\n<div class=\"wp-block-file\"><a href=\"http:\/\/www.funk-vermietung.ch\/wp-content\/uploads\/2019\/12\/kenwood_protalk_anleitung.pdf\"> <\/a><a href=\"http:\/\/www.funk-vermietung.ch\/wp-content\/uploads\/2019\/12\/kenwood_protalk_anleitung.pdf\" class=\"wp-block-file__button\" download>Herunterladen<\/a><\/div>\n<\/div><\/div>\n\n\n\n<div class=\"wp-block-media-text alignwide\" style=\"grid-template-columns:15% auto\"><figure class=\"wp-block-media-text__media\"><img loading=\"lazy\" decoding=\"async\" width=\"461\" height=\"1024\" src=\"http:\/\/www.funk-vermietung.ch\/wp-content\/uploads\/2019\/12\/Motorola-GP380-e1576954086150-461x1024.jpg\" alt=\"\" class=\"wp-image-61\" srcset=\"https:\/\/www.funk-vermietung.ch\/wp-content\/uploads\/2019\/12\/Motorola-GP380-e1576954086150-461x1024.jpg 461w, https:\/\/www.funk-vermietung.ch\/wp-content\/uploads\/2019\/12\/Motorola-GP380-e1576954086150-135x300.jpg 135w, https:\/\/www.funk-vermietung.ch\/wp-content\/uploads\/2019\/12\/Motorola-GP380-e1576954086150.jpg 540w\" sizes=\"auto, (max-width: 461px) 100vw, 461px\" \/><\/figure><div class=\"wp-block-media-text__content\">\n<p class=\"has-large-font-size wp-block-paragraph\">Motorola GP380 UHF<\/p>\n\n\n\n<p class=\"wp-block-paragraph\">Konzessionspflichtiges Mehrkanalger\u00e4t mit bis zu 255 Kan\u00e4len.<br>2.5 Watt Sendeleistung mit privaten exklusiven Frequenzen.<\/p>\n\n\n\n<p class=\"wp-block-paragraph\">Robust und einfach in der Handhabung. Der Bestseller unter den Handfunkger\u00e4ten, tausendfach im Einsatz bei Beh\u00f6rden und Firmen.<\/p>\n\n\n\n<p class=\"wp-block-paragraph\"><\/p>\n\n\n\n<p class=\"wp-block-paragraph\">Bedienungsanleitung f\u00fcr das Motorola Ger\u00e4t:<\/p>\n\n\n\n<div class=\"wp-block-file\"><a href=\"http:\/\/www.funk-vermietung.ch\/wp-content\/uploads\/2019\/12\/Bedienungsanleitung_GP380.pdf\"> <\/a><a href=\"http:\/\/www.funk-vermietung.ch\/wp-content\/uploads\/2019\/12\/Bedienungsanleitung_GP380.pdf\" class=\"wp-block-file__button\" download>Herunterladen<\/a><\/div>\n<\/div><\/div>\n\n\n\n<p class=\"wp-block-paragraph\"><\/p>\n\n\n\n<p class=\"wp-block-paragraph\"> <br> <br> <br> <br> <\/p>\n\n\n\n<p class=\"wp-block-paragraph\"><\/p>\n\n\n\n<p class=\"wp-block-paragraph\"><\/p>\n\n\n\n<h2 class=\"wp-block-heading\">Zubeh\u00f6r zu den Ger\u00e4ten<\/h2>\n\n\n\n<div class=\"wp-block-media-text alignwide\" style=\"grid-template-columns:15% auto\"><figure class=\"wp-block-media-text__media\"><img loading=\"lazy\" decoding=\"async\" width=\"150\" height=\"150\" src=\"http:\/\/www.funk-vermietung.ch\/wp-content\/uploads\/2019\/12\/GP380-Headset-150x150-1.jpg\" alt=\"\" class=\"wp-image-60\" srcset=\"https:\/\/www.funk-vermietung.ch\/wp-content\/uploads\/2019\/12\/GP380-Headset-150x150-1.jpg 150w, https:\/\/www.funk-vermietung.ch\/wp-content\/uploads\/2019\/12\/GP380-Headset-150x150-1-100x100.jpg 100w\" sizes=\"auto, (max-width: 150px) 100vw, 150px\" \/><\/figure><div class=\"wp-block-media-text__content\">\n<p class=\"has-medium-font-size wp-block-paragraph\">Security Headset, mit transparentem Schallschlauch<\/p>\n<\/div><\/div>\n\n\n\n<div class=\"wp-block-media-text alignwide\" style=\"grid-template-columns:15% auto\"><figure class=\"wp-block-media-text__media\"><img loading=\"lazy\" decoding=\"async\" width=\"150\" height=\"150\" src=\"http:\/\/www.funk-vermietung.ch\/wp-content\/uploads\/2019\/12\/GP380-Monophon1-150x150-1.jpg\" alt=\"\" class=\"wp-image-59\" srcset=\"https:\/\/www.funk-vermietung.ch\/wp-content\/uploads\/2019\/12\/GP380-Monophon1-150x150-1.jpg 150w, https:\/\/www.funk-vermietung.ch\/wp-content\/uploads\/2019\/12\/GP380-Monophon1-150x150-1-100x100.jpg 100w\" sizes=\"auto, (max-width: 150px) 100vw, 150px\" \/><\/figure><div class=\"wp-block-media-text__content\">\n<p class=\"has-medium-font-size wp-block-paragraph\">Lautsprecher Monophon<\/p>\n<\/div><\/div>\n\n\n\n<div class=\"wp-block-media-text alignwide\" style=\"grid-template-columns:15% auto\"><figure class=\"wp-block-media-text__media\"><img loading=\"lazy\" decoding=\"async\" width=\"150\" height=\"150\" src=\"http:\/\/www.funk-vermietung.ch\/wp-content\/uploads\/2019\/12\/GP380-Ladeger\u00e4t-150x150-1.jpg\" alt=\"\" class=\"wp-image-58\" srcset=\"https:\/\/www.funk-vermietung.ch\/wp-content\/uploads\/2019\/12\/GP380-Ladeger\u00e4t-150x150-1.jpg 150w, https:\/\/www.funk-vermietung.ch\/wp-content\/uploads\/2019\/12\/GP380-Ladeger\u00e4t-150x150-1-100x100.jpg 100w\" sizes=\"auto, (max-width: 150px) 100vw, 150px\" \/><\/figure><div class=\"wp-block-media-text__content\">\n<p class=\"has-medium-font-size wp-block-paragraph\">Einzelladeger\u00e4t<\/p>\n<\/div><\/div>\n\n\n\n<div class=\"wp-block-media-text alignwide\" style=\"grid-template-columns:15% auto\"><figure class=\"wp-block-media-text__media\"><img loading=\"lazy\" decoding=\"async\" width=\"402\" height=\"299\" src=\"http:\/\/www.funk-vermietung.ch\/wp-content\/uploads\/2019\/12\/Screenshot_2019-12-21-Motorola-WPLN4194A-6-fach-Ladestation-230V-mit-Display.png\" alt=\"\" class=\"wp-image-57\" srcset=\"https:\/\/www.funk-vermietung.ch\/wp-content\/uploads\/2019\/12\/Screenshot_2019-12-21-Motorola-WPLN4194A-6-fach-Ladestation-230V-mit-Display.png 402w, https:\/\/www.funk-vermietung.ch\/wp-content\/uploads\/2019\/12\/Screenshot_2019-12-21-Motorola-WPLN4194A-6-fach-Ladestation-230V-mit-Display-300x223.png 300w\" sizes=\"auto, (max-width: 402px) 100vw, 402px\" \/><\/figure><div class=\"wp-block-media-text__content\">\n<p class=\"has-medium-font-size wp-block-paragraph\">6fach Ladeg\u00e4rt<\/p>\n<\/div><\/div>\n","protected":false},"excerpt":{"rendered":"<p>Wir haben zwei verschiedene Ger\u00e4tetypen im Einsatz und damit k\u00f6nnen wir 90% der Einsatzzwecke abdecken . Auch verzichten wir bewusst&hellip;<\/p>\n","protected":false},"author":1,"featured_media":0,"parent":0,"menu_order":0,"comment_status":"closed","ping_status":"closed","template":"","meta":{"_exactmetrics_skip_tracking":false,"footnotes":""},"class_list":["post-14","page","type-page","status-publish","hentry"],"jetpack_sharing_enabled":true,"_links":{"self":[{"href":"https:\/\/www.funk-vermietung.ch\/index.php\/wp-json\/wp\/v2\/pages\/14","targetHints":{"allow":["GET"]}}],"collection":[{"href":"https:\/\/www.funk-vermietung.ch\/index.php\/wp-json\/wp\/v2\/pages"}],"about":[{"href":"https:\/\/www.funk-vermietung.ch\/index.php\/wp-json\/wp\/v2\/types\/page"}],"author":[{"embeddable":true,"href":"https:\/\/www.funk-vermietung.ch\/index.php\/wp-json\/wp\/v2\/users\/1"}],"replies":[{"embeddable":true,"href":"https:\/\/www.funk-vermietung.ch\/index.php\/wp-json\/wp\/v2\/comments?post=14"}],"version-history":[{"count":6,"href":"https:\/\/www.funk-vermietung.ch\/index.php\/wp-json\/wp\/v2\/pages\/14\/revisions"}],"predecessor-version":[{"id":65,"href":"https:\/\/www.funk-vermietung.ch\/index.php\/wp-json\/wp\/v2\/pages\/14\/revisions\/65"}],"wp:attachment":[{"href":"https:\/\/www.funk-vermietung.ch\/index.php\/wp-json\/wp\/v2\/media?parent=14"}],"curies":[{"name":"wp","href":"https:\/\/api.w.org\/{rel}","templated":true}]}}

Verfügbare Funkgeräte

<p class="wp-block-paragraph">Wir haben zwei verschiedene Gerätetypen im Einsatz und damit können wir 90% der Einsatzzwecke abdecken .  Auch verzichten wir bewusst auf digitale Funklösungen, getreu dem Motto einfach und unkompliziert. </p>



<div class="wp-block-media-text alignwide" style="grid-template-columns:15% auto"><figure class="wp-block-media-text__media"><img loading="lazy" decoding="async" width="200" height="650" src="http://www.funk-vermietung.ch/wp-content/uploads/2019/12/Kenwood-TK3201.jpg" alt="" class="wp-image-54" srcset="https://www.funk-vermietung.ch/wp-content/uploads/2019/12/Kenwood-TK3201.jpg 200w, https://www.funk-vermietung.ch/wp-content/uploads/2019/12/Kenwood-TK3201-92x300.jpg 92w" sizes="auto, (max-width: 200px) 100vw, 200px" /></figure><div class="wp-block-media-text__content">
<p class="has-large-font-size wp-block-paragraph">Kenwood TK3201 PMR</p>



<p class="wp-block-paragraph"> Unser kleines handliches linzenfreies Gerät.  <br>16 Kanälen, 500mW Sendeleistung.</p>



<p class="wp-block-paragraph"></p>



<p class="wp-block-paragraph">Bedienungsanleitung für das Kenwood Gerät:</p>



<div class="wp-block-file"><a href="http://www.funk-vermietung.ch/wp-content/uploads/2019/12/kenwood_protalk_anleitung.pdf"> </a><a href="http://www.funk-vermietung.ch/wp-content/uploads/2019/12/kenwood_protalk_anleitung.pdf" class="wp-block-file__button" download>Herunterladen</a></div>
</div></div>



<div class="wp-block-media-text alignwide" style="grid-template-columns:15% auto"><figure class="wp-block-media-text__media"><img loading="lazy" decoding="async" width="461" height="1024" src="http://www.funk-vermietung.ch/wp-content/uploads/2019/12/Motorola-GP380-e1576954086150-461x1024.jpg" alt="" class="wp-image-61" srcset="https://www.funk-vermietung.ch/wp-content/uploads/2019/12/Motorola-GP380-e1576954086150-461x1024.jpg 461w, https://www.funk-vermietung.ch/wp-content/uploads/2019/12/Motorola-GP380-e1576954086150-135x300.jpg 135w, https://www.funk-vermietung.ch/wp-content/uploads/2019/12/Motorola-GP380-e1576954086150.jpg 540w" sizes="auto, (max-width: 461px) 100vw, 461px" /></figure><div class="wp-block-media-text__content">
<p class="has-large-font-size wp-block-paragraph">Motorola GP380 UHF</p>



<p class="wp-block-paragraph">Konzessionspflichtiges Mehrkanalgerät mit bis zu 255 Kanälen.<br>2.5 Watt Sendeleistung mit privaten exklusiven Frequenzen.</p>



<p class="wp-block-paragraph">Robust und einfach in der Handhabung. Der Bestseller unter den Handfunkgeräten, tausendfach im Einsatz bei Behörden und Firmen.</p>



<p class="wp-block-paragraph"></p>



<p class="wp-block-paragraph">Bedienungsanleitung für das Motorola Gerät:</p>



<div class="wp-block-file"><a href="http://www.funk-vermietung.ch/wp-content/uploads/2019/12/Bedienungsanleitung_GP380.pdf"> </a><a href="http://www.funk-vermietung.ch/wp-content/uploads/2019/12/Bedienungsanleitung_GP380.pdf" class="wp-block-file__button" download>Herunterladen</a></div>
</div></div>



<p class="wp-block-paragraph"></p>



<p class="wp-block-paragraph"> <br> <br> <br> <br> </p>



<p class="wp-block-paragraph"></p>



<p class="wp-block-paragraph"></p>



<h2 class="wp-block-heading">Zubehör zu den Geräten</h2>



<div class="wp-block-media-text alignwide" style="grid-template-columns:15% auto"><figure class="wp-block-media-text__media"><img loading="lazy" decoding="async" width="150" height="150" src="http://www.funk-vermietung.ch/wp-content/uploads/2019/12/GP380-Headset-150x150-1.jpg" alt="" class="wp-image-60" srcset="https://www.funk-vermietung.ch/wp-content/uploads/2019/12/GP380-Headset-150x150-1.jpg 150w, https://www.funk-vermietung.ch/wp-content/uploads/2019/12/GP380-Headset-150x150-1-100x100.jpg 100w" sizes="auto, (max-width: 150px) 100vw, 150px" /></figure><div class="wp-block-media-text__content">
<p class="has-medium-font-size wp-block-paragraph">Security Headset, mit transparentem Schallschlauch</p>
</div></div>



<div class="wp-block-media-text alignwide" style="grid-template-columns:15% auto"><figure class="wp-block-media-text__media"><img loading="lazy" decoding="async" width="150" height="150" src="http://www.funk-vermietung.ch/wp-content/uploads/2019/12/GP380-Monophon1-150x150-1.jpg" alt="" class="wp-image-59" srcset="https://www.funk-vermietung.ch/wp-content/uploads/2019/12/GP380-Monophon1-150x150-1.jpg 150w, https://www.funk-vermietung.ch/wp-content/uploads/2019/12/GP380-Monophon1-150x150-1-100x100.jpg 100w" sizes="auto, (max-width: 150px) 100vw, 150px" /></figure><div class="wp-block-media-text__content">
<p class="has-medium-font-size wp-block-paragraph">Lautsprecher Monophon</p>
</div></div>



<div class="wp-block-media-text alignwide" style="grid-template-columns:15% auto"><figure class="wp-block-media-text__media"><img loading="lazy" decoding="async" width="150" height="150" src="http://www.funk-vermietung.ch/wp-content/uploads/2019/12/GP380-Ladegerät-150x150-1.jpg" alt="" class="wp-image-58" srcset="https://www.funk-vermietung.ch/wp-content/uploads/2019/12/GP380-Ladegerät-150x150-1.jpg 150w, https://www.funk-vermietung.ch/wp-content/uploads/2019/12/GP380-Ladegerät-150x150-1-100x100.jpg 100w" sizes="auto, (max-width: 150px) 100vw, 150px" /></figure><div class="wp-block-media-text__content">
<p class="has-medium-font-size wp-block-paragraph">Einzelladegerät</p>
</div></div>



<div class="wp-block-media-text alignwide" style="grid-template-columns:15% auto"><figure class="wp-block-media-text__media"><img loading="lazy" decoding="async" width="402" height="299" src="http://www.funk-vermietung.ch/wp-content/uploads/2019/12/Screenshot_2019-12-21-Motorola-WPLN4194A-6-fach-Ladestation-230V-mit-Display.png" alt="" class="wp-image-57" srcset="https://www.funk-vermietung.ch/wp-content/uploads/2019/12/Screenshot_2019-12-21-Motorola-WPLN4194A-6-fach-Ladestation-230V-mit-Display.png 402w, https://www.funk-vermietung.ch/wp-content/uploads/2019/12/Screenshot_2019-12-21-Motorola-WPLN4194A-6-fach-Ladestation-230V-mit-Display-300x223.png 300w" sizes="auto, (max-width: 402px) 100vw, 402px" /></figure><div class="wp-block-media-text__content">
<p class="has-medium-font-size wp-block-paragraph">6fach Ladegärt</p>
</div></div>

<p>Wir haben zwei verschiedene Gerätetypen im Einsatz und damit können wir 90% der Einsatzzwecke abdecken . Auch verzichten wir bewusst&hellip;</p>
